16527509 prime?
True
Is 84617503 composite?
False
Is 118790993 a composite number?
False
Is 148995047 composite?
False
Is 98342437 prime?
False
Is 255244939 a prime number?
True
Is 456223 a prime number?
True
Is 105120137 composite?
False
Is 234208817 a prime number?
True
Is 161773021 a composite number?
False
Is 7604159 prime?
True
Is 519900551 a composite number?
True
Is 11328851 a composite number?
True
Is 103273153 a composite number?
False
Is 12635717 composite?
True
Is 7848949 a composite number?
True
Is 233563279 a prime number?
True
Is 147028393 a composite number?
True
Is 91405403 a composite number?
True
Is 5198161 composite?
True
Is 93927109 composite?
False
Is 27660629 a composite number?
False
Is 8686633 a composite number?
True
Is 12963883 prime?
True
Is 1913251 composite?
False
Is 4630079 a composite number?
False
Is 31856903 composite?
True
Is 118046311 prime?
True
Is 141171 a prime number?
False
Is 288938101 a composite number?
True
Is 2664511 composite?
False
Is 9566477 a prime number?
False
Is 52014539 a composite number?
False
Is 254844089 a prime number?
True
Is 902047297 prime?
True
Is 38040973 prime?
True
Is 83959247 a composite number?
True
Is 1015219 a prime number?
False
Is 6701551 a prime number?
False
Is 38219903 composite?
True
Is 39304997 composite?
False
Is 26468309 composite?
True
Is 39183071 a prime number?
True
Is 30055217 composite?
False
Is 300463 a composite number?
False
Is 684598423 a composite number?
True
Is 2317773 a composite number?
True
Is 148528067 a composite number?
False
Is 1560143 a composite number?
True
Is 15604763 prime?
True
Is 857224343 a prime number?
True
Is 43014434 a composite number?
True
Is 304193 a composite number?
False
Is 22443583 a composite number?
True
Is 336431057 a composite number?
True
Is 4939511 prime?
True
Is 94682785 a prime number?
False
Is 206727343 a composite number?
False
Is 1475473 a prime number?
False
Is 38990423 a prime number?
True
Is 1382233 a composite number?
True
Is 54965669 composite?
True
Is 29867239 prime?
False
Is 355803599 a composite number?
False
Is 3032467 composite?
False
Is 93196079 a prime number?
True
Is 28278487 a composite number?
False
Is 1552333 a prime number?
True
Is 2813803 composite?
True
Is 6457873 a composite number?
True
Is 4936793 prime?
True
Is 7116805 prime?
False
Is 32653 a prime number?
True
Is 9798379 a prime number?
True
Is 272639 composite?
True
Is 1087349 prime?
True
Is 50290991 a composite number?
False
Is 4889953 a prime number?
True
Is 17935141 a composite number?
True
Is 57927401 a composite number?
True
Is 1969511 a prime number?
True
Is 57037 a prime number?
True
Is 9209033 a prime number?
False
Is 3205609 a composite number?
True
Is 148203661 prime?
False
Is 8499397 a prime number?
False
Is 79714477 prime?
True
Is 1793717 a composite number?
False
Is 1752353 composite?
False
Is 1253761 composite?
False
Is 742471 a composite number?
True
Is 123677123 composite?
False
Is 29089531 a composite number?
False
Is 411200791 a prime number?
False
Is 2611639 a composite number?
False
Is 54854207 a composite number?
False
Is 472947421 a composite number?
False
Is 83032169 a prime number?
False
Is 363193 prime?
False
Is 150619087 composite?
False
Is 413844319 composite?
True
Is 43815547 prime?
True
Is 2038919 a composite number?
False
Is 34750567 prime?
False
Is 23653667 a composite number?
False
Is 438649 a prime number?
False
Is 5048679 a composite number?
True
Is 24299027 composite?
False
Is 108550571 prime?
True
Is 15600161 prime?
False
Is 60373133 a composite number?
True
Is 191702389 prime?
True
Is 2977441 a composite number?
False
Is 15665537 prime?
True
Is 353212229 prime?
True
Is 1050269 a composite number?
True
Is 1097981 prime?
False
Is 998011 a prime number?
False
Is 4812337 composite?
False
Is 3396307 prime?
False
Is 3315813 a composite number?
True
Is 7147501 a prime number?
False
Is 720527 composite?
False
Is 73430353 prime?
False
Is 27626959 a prime number?
True
Is 31857529 a prime number?
False
Is 4883071 composite?
False
Is 4434565 a prime number?
False
Is 84386051 composite?
True
Is 31811719 a composite number?
True
Is 32066 a composite number?
True
Is 21523813 composite?
False
Is 1108985 a prime number?
False
Is 297835513 a prime number?
True
Is 144103 prime?
True
Is 11636851 a composite number?
False
Is 11382677 prime?
False
Is 37060861 a prime number?
True
Is 520869119 a composite number?
False
Is 1681397 a composite number?
False
Is 89373499 a prime number?
True
Is 33752317 composite?
True
Is 4373069 prime?
True
Is 50466089 a composite number?
True
Is 4205777 composite?
False
Is 1355221 a composite number?
True
Is 9705427 composite?
False
Is 234583847 composite?
True
Is 6838833 prime?
False
Is 8080477 a composite number?
False
Is 21656627 composite?
False
Is 685141 a prime number?
True
Is 83638271 composite?
False
Is 17568319 a prime number?
False
Is 76198601 a composite number?
True
Is 1471937 composite?
False
Is 5032613 prime?
True
Is 272791 composite?
True
Is 49034473 prime?
True
Is 251856313 a prime number?
True
Is 228915043 prime?
False
Is 2603479 a prime number?
True
Is 3667621 a prime number?
True
Is 27797479 prime?
False
Is 10844839 prime?
False
Is 1548577 a composite number?
False
Is 1207489 a composite number?
False
Is 754115203 a composite number?
False
Is 37691 a prime number?
True
Is 52385297 a prime number?
True
Is 6831523 a composite number?
False
Is 25010515 prime?
False
Is 135118 a composite number?
True
Is 267367 a composite number?
True
Is 8880337 prime?
True
Is 1294599 a prime number?
False
Is 22090573 composite?
False
Is 67849939 prime?
True
Is 7983799 a prime number?
False
Is 1892687 composite?
False
Is 207732583 a composite number?
False
Is 4250849 a composite number?
True
Is 24759923 prime?
False
Is 38824547 a composite number?
False
Is 12955297 prime?
True
Is 47646089 prime?
True
Is 12069899 composite?
False
Is 397719391 prime?
True
Is 767227 a prime number?
False
Is 13935527 composite?
True
Is 27682607 composite?
False
Is 9654677 a prime number?
True
Is 580094 a composite number?
True
Is 8115649 prime?
True
Is 102290119 composite?
False
Is 323283179 prime?
True
Is 6226161 a composite number?
True
Is 71822323 composite?
False
Is 201901 composite?
True
Is 21731767 a prime number?
True
Is 14302051 prime?
False
Is 50463289 composite?
True
Is 461998 composite?
True
Is 13517213 a composite number?
False
Is 4556427 composite?
True
Is 11892341 a prime number?
True
Is 3983123 composite?
False
Is 1129649 prime?
False
Is 13254907 a composite number?
True
Is 1027043 a composite number?
True
Is 33295121 prime?
False
Is 395099 a prime number?
False
Is 123143 composite?
False
Is 1373078077 a composite number?
True
Is 9244513 composite?
False
Is 29461463 a prime number?
True
Is 138581167 a composite number?
True
Is 42497327 prime?
True
Is 59036797 composite?
True
Is 2755639 a composite number?
True
Is 34894687 a composite number?
False
Is 381509 a composite number?
False
Is 79793927 prime?
True
Is 11749571 prime?
True
Is 512891 prime?
True
Is 16516471 prime?
True
Is 340399819 a prime number?
True
Is 50117842 prime?
False
Is 442097 prime?
True
Is 3254249 a prime number?
True
Is 11496493 a prime number?
True
Is 240473 prime?
True
Is 137573609 composite?
False
Is 279198389 composite?
False
Is 105943862 prime?
False
Is 14204353 a composite number?
False
Is 3755117 a prime number?
True
Is 570326683 prime?
False
Is 8131759 prime?
False
Is 11775191 a composite number?
False
Is 308206631 prime?
True
Is 14173853 prime?
True
Is 1620917 a composite number?
False
Is 17422709 a composite number?
False
Is 2639797 composite?
True
Is 103899001 composite?
False
Is 2094545 prime?
False
Is 33164797 prime?
True
Is 213347 prime?
False
Is 90510113 a prime number?
True
Is 478081159 composite?
True
Is 4200106 prime?
False
Is 75577091 prime?
True
Is 68355607 a composite number?
True
Is 2627879 prime?
True
Is 192037607 a composite number?
True
Is 18486169 prime?
False
Is 287765069 a composite number?
True
Is 76308229 prime?
True
Is 12791413 composite?
False
Is 1911503 a composite number?
True
Is 1966463 a composite number?
False
Is 27986801 prime?
True
Is 8673839 prime?
True
Is 7580459 a prime number?
True
Is 44087286